{"id":85,"date":"2025-11-06T19:26:57","date_gmt":"2025-11-07T01:26:57","guid":{"rendered":"https:\/\/desarrollarte.mx\/inicio\/?page_id=85"},"modified":"2025-11-21T15:57:38","modified_gmt":"2025-11-21T21:57:38","slug":"nosotros","status":"publish","type":"page","link":"https:\/\/desarrollarte.mx\/inicio\/nosotros\/","title":{"rendered":"Nosotros"},"content":{"rendered":"\n\n\n\n<h2>Nosotros<\/h2>\n\n\n\n\n\n\n<h2>Nuestra Misi\u00f3n<\/h2>\n\n<p>Apoyar las actividades productivas de la poblaci\u00f3n de las zonas urbanas y rurales, a trav\u00e9s del otorgamiento de servicios financieros incluyentes, que contribuyan a mejorar su nivel econ\u00f3mico, social y familiar.<\/p>\n<h2>Nuestra Visi\u00f3n<\/h2>\n<p>Ser una empresa l\u00edder en servicios financieros incluyentes, con esp\u00edritu de servicio y compromiso con la comunidad que nos permita la permanencia en el mercado.<\/p>\n\n\n\n\n\n\n\n\n<h2>Nuestros Valores<\/h2>\n<p>En Desarrollarte, nuestros valores nos gu\u00edan en cada decisi\u00f3n, impuls\u00e1ndonos a ofrecer un servicio responsable, \u00e9tico y orientado al bienestar de nuestros clientes y sus proyectos.<\/p>\n\n\n\n\nSomos un grupo de seres humanos integrales, siempre comprometidos con nuestro trabajo, tomando decisiones asertivas que nos permitan lograr los objetivos de la instituci\u00f3n.\n\n\n\n\n\n\nLa suma de virtudes y experiencia de cada uno de los colaboradores, de la instituci\u00f3n es nuestra ventaja competitiva, tratando de promover un \u00f3ptimo nivel de coordinaci\u00f3n, solidaridad y buenas relaciones para el desarrollo del equipo.\n\n\n\n\n\n\nCumplir los compromisos establecidos con los clientes y colaboradores de acuerdo a nuestro C\u00f3digo de \u00c9tica Institucional.\n\n\n\n\n\n\nOtorgar servicios financieros incluyentes respondiendo a las necesidades del negocio de los clientes de manera eficiente y oportuna, buscando exceder sus expectativas.\n\n\n\n\n\n\nCumplir en tiempo y forma las tareas o actividades asignadas, dando el m\u00e1ximo esfuerzo, con la finalidad de alcanzar los objetivos establecidos.\n\n\n\n\n\n\n","protected":false},"excerpt":{"rendered":"","protected":false},"author":1,"featured_media":0,"parent":0,"menu_order":2,"comment_status":"closed","ping_status":"closed","template":"","meta":{"pagelayer_contact_templates":[],"_pagelayer_content":"","footnotes":""},"class_list":["post-85","page","type-page","status-publish","hentry"],"_links":{"self":[{"href":"https:\/\/desarrollarte.mx\/inicio\/wp-json\/wp\/v2\/pages\/85","targetHints":{"allow":["GET"]}}],"collection":[{"href":"https:\/\/desarrollarte.mx\/inicio\/wp-json\/wp\/v2\/pages"}],"about":[{"href":"https:\/\/desarrollarte.mx\/inicio\/wp-json\/wp\/v2\/types\/page"}],"author":[{"embeddable":true,"href":"https:\/\/desarrollarte.mx\/inicio\/wp-json\/wp\/v2\/users\/1"}],"replies":[{"embeddable":true,"href":"https:\/\/desarrollarte.mx\/inicio\/wp-json\/wp\/v2\/comments?post=85"}],"version-history":[{"count":66,"href":"https:\/\/desarrollarte.mx\/inicio\/wp-json\/wp\/v2\/pages\/85\/revisions"}],"predecessor-version":[{"id":854,"href":"https:\/\/desarrollarte.mx\/inicio\/wp-json\/wp\/v2\/pages\/85\/revisions\/854"}],"wp:attachment":[{"href":"https:\/\/desarrollarte.mx\/inicio\/wp-json\/wp\/v2\/media?parent=85"}],"curies":[{"name":"wp","href":"https:\/\/api.w.org\/{rel}","templated":true}]}}