{"id":63,"date":"2025-10-29T23:34:53","date_gmt":"2025-10-30T05:34:53","guid":{"rendered":"https:\/\/desarrollarte.mx\/inicio\/home\/"},"modified":"2026-02-17T16:46:25","modified_gmt":"2026-02-17T22:46:25","slug":"inicio","status":"publish","type":"page","link":"https:\/\/desarrollarte.mx\/inicio\/","title":{"rendered":"Inicio"},"content":{"rendered":"\n\n\n\n<p>Lorem Ipsum has been the industry&#8217;s standard dummy text ever since the 1500s.<\/p>\n\n\n\n\n<h2>\u00bfQui\u00e9nes Somos?<\/h2>\n\n\n<p [object NamedNodeMap]><br>  En Desarrollarte, nuestro objetivo es generar oportunidades de desarrollo y autosuficiencia para las personas que acceden a nuestros cr\u00e9ditos.<br><\/p>\n\n\n<p [object NamedNodeMap]><br>  Se contribuye a la inclusi\u00f3n financiera y al fortalecimiento de las comunidades locales.<br><\/p>\n\n\n\n\n\n\n<p>El 80% de nuestros cr\u00e9ditos son dirigidos a mujeres emprendedoras mexicanas<\/p>\n\n\n\n\n<p>Apoyamos a negocios como venta de alimentos, artesan\u00edas, comercio y fabricaci\u00f3n de productos<\/p>\n\n\n\n\n<p>Facilitamos capital para cr\u00e9ditos en actividades l\u00edcitas y mejoras de negocio<\/p>\n\n\n\n\n\n\n<h2>Formulario de Contacto<\/h2>\n\n\n<p>D\u00e9janos tus datos y nos pondremos en contacto contigo pronto. <\/p>\n\n\n\n<style id=\"wpforms-css-vars-889-block-7cf37911-353b-4834-baec-9a03f2d74a33\">\n\t\t\t\t#wpforms-889.wpforms-block-7cf37911-353b-4834-baec-9a03f2d74a33 {\n\t\t\t\t--wpforms-label-color: rgba(0, 0, 0, 0.85);\n--wpforms-label-sublabel-color: rgba(0, 0, 0, 0.55);\n--wpforms-field-border-radius: 9px;\n--wpforms-field-border-color: rgba(0, 0, 0, 0.25);\n--wpforms-field-border-color-spare: rgba(0, 0, 0, 0.25);\n--wpforms-field-text-color: rgba(0, 0, 0, 0.7);\n--wpforms-field-size-input-height: 31px;\n--wpforms-field-size-input-spacing: 10px;\n--wpforms-field-size-font-size: 14px;\n--wpforms-field-size-line-height: 17px;\n--wpforms-field-size-padding-h: 9px;\n--wpforms-field-size-checkbox-size: 14px;\n--wpforms-field-size-sublabel-spacing: 5px;\n--wpforms-field-size-icon-size: 0.75;\n--wpforms-label-size-font-size: 16px;\n--wpforms-label-size-line-height: 19px;\n--wpforms-label-size-sublabel-font-size: 14px;\n--wpforms-label-size-sublabel-line-height: 17px;\n--wpforms-button-size-font-size: 17px;\n--wpforms-button-size-height: 41px;\n--wpforms-button-size-padding-h: 15px;\n--wpforms-button-size-margin-top: 10px;\n\t\t\t}\n\t\t\t<\/style><div class=\"wpforms-container wpforms-container-full wpforms-block wpforms-block-7cf37911-353b-4834-baec-9a03f2d74a33 wpforms-render-modern\" id=\"wpforms-889\"><form id=\"wpforms-form-889\" class=\"wpforms-validate wpforms-form wpforms-ajax-form\" data-formid=\"889\" method=\"post\" enctype=\"multipart\/form-data\" action=\"\/inicio\/wp-json\/wp\/v2\/pages\/63\" data-token=\"a61e55deb578c4c49f2e80875dcd49d7\" data-token-time=\"1775354513\"><noscript class=\"wpforms-error-noscript\">Por favor, activa JavaScript en tu navegador para completar este formulario.<\/noscript><div id=\"wpforms-error-noscript\" style=\"display: none;\">Por favor, activa JavaScript en tu navegador para completar este formulario.<\/div><div class=\"wpforms-field-container\"><div id=\"wpforms-889-field_6-container\" class=\"wpforms-field wpforms-field-name\" data-field-id=\"6\"><fieldset><legend class=\"wpforms-field-label wpforms-label-hide\" aria-hidden=\"false\">Nombre y Apellido <span class=\"wpforms-required-label\" aria-hidden=\"true\">*<\/span><\/legend><div class=\"wpforms-field-row wpforms-field-large\"><div class=\"wpforms-field-row-block wpforms-first wpforms-one-half\"><input type=\"text\" id=\"wpforms-889-field_6\" class=\"wpforms-field-name-first wpforms-field-required\" name=\"wpforms[fields][6][first]\" placeholder=\"Nombre\" aria-errormessage=\"wpforms-889-field_6-error\" required><label for=\"wpforms-889-field_6\" class=\"wpforms-field-sublabel after wpforms-sublabel-hide\">Nombre<\/label><\/div><div class=\"wpforms-field-row-block wpforms-one-half\"><input type=\"text\" id=\"wpforms-889-field_6-last\" class=\"wpforms-field-name-last wpforms-field-required\" name=\"wpforms[fields][6][last]\" placeholder=\"Apellido\" aria-errormessage=\"wpforms-889-field_6-last-error\" required><label for=\"wpforms-889-field_6-last\" class=\"wpforms-field-sublabel after wpforms-sublabel-hide\">Apellidos<\/label><\/div><\/div><\/fieldset><\/div>\t\t<div id=\"wpforms-889-field_1-container\"\n\t\t\tclass=\"wpforms-field wpforms-field-text\"\n\t\t\tdata-field-type=\"text\"\n\t\t\tdata-field-id=\"1\"\n\t\t\t>\n\t\t\t<label class=\"wpforms-field-label\" for=\"wpforms-889-field_1\" >Nombre Tel\u00e9fono Apellido<\/label>\n\t\t\t<input type=\"text\" id=\"wpforms-889-field_1\" class=\"wpforms-field-medium\" name=\"wpforms[fields][1]\" >\n\t\t<\/div>\n\t\t<div id=\"wpforms-889-field_5-container\" class=\"wpforms-field wpforms-field-email wpforms-one-half wpforms-first\" data-field-id=\"5\"><label class=\"wpforms-field-label wpforms-label-hide\" for=\"wpforms-889-field_5\" aria-hidden=\"false\">Correo electr\u00f3nico <span class=\"wpforms-required-label\" aria-hidden=\"true\">*<\/span><\/label><input type=\"email\" id=\"wpforms-889-field_5\" class=\"wpforms-field-large wpforms-field-required\" name=\"wpforms[fields][5]\" placeholder=\"Correo Electr\u00f3nico \" spellcheck=\"false\" aria-errormessage=\"wpforms-889-field_5-error\" required><\/div><div id=\"wpforms-889-field_25-container\" class=\"wpforms-field wpforms-field-name wpforms-one-half\" data-field-id=\"25\"><label class=\"wpforms-field-label wpforms-label-hide\" for=\"wpforms-889-field_25\" aria-hidden=\"false\">Tel\u00e9fono <span class=\"wpforms-required-label\" aria-hidden=\"true\">*<\/span><\/label><input type=\"text\" id=\"wpforms-889-field_25\" class=\"wpforms-field-large wpforms-field-required\" name=\"wpforms[fields][25]\" placeholder=\"Tel\u00e9fono\" aria-errormessage=\"wpforms-889-field_25-error\" required><\/div><div id=\"wpforms-889-field_26-container\" class=\"wpforms-field wpforms-field-text\" data-field-id=\"26\"><label class=\"wpforms-field-label wpforms-label-hide\" for=\"wpforms-889-field_26\" aria-hidden=\"false\">Lugar de procedencia <span class=\"wpforms-required-label\" aria-hidden=\"true\">*<\/span><\/label><input type=\"text\" id=\"wpforms-889-field_26\" class=\"wpforms-field-large wpforms-field-required\" name=\"wpforms[fields][26]\" placeholder=\"Lugar de procedencia\" aria-errormessage=\"wpforms-889-field_26-error\" required><\/div><div id=\"wpforms-889-field_9-container\" class=\"wpforms-field wpforms-field-textarea\" data-field-id=\"9\"><label class=\"wpforms-field-label wpforms-label-hide\" for=\"wpforms-889-field_9\" aria-hidden=\"false\">Mensaje<\/label><textarea id=\"wpforms-889-field_9\" class=\"wpforms-field-medium\" name=\"wpforms[fields][9]\" placeholder=\"Escribe tu Mensaje aqui...\" aria-errormessage=\"wpforms-889-field_9-error\" ><\/textarea><\/div><div id=\"wpforms-889-field_15-container\" class=\"wpforms-field wpforms-field-checkbox\" data-field-id=\"15\"><fieldset><legend class=\"wpforms-field-label wpforms-label-hide\" aria-hidden=\"false\">Politicas, Terminos y Condiciones <span class=\"wpforms-required-label\" aria-hidden=\"true\">*<\/span><\/legend><ul id=\"wpforms-889-field_15\" class=\"wpforms-field-required\"><li class=\"choice-1 depth-1\"><input type=\"checkbox\" id=\"wpforms-889-field_15_1\" name=\"wpforms[fields][15][]\" value=\"Acepto la &lt;a href=&quot;https:\/\/goo.su\/6hkb0A&quot; target=&quot;_blank&quot;&gt;Pol\u00edtica de Privacidad &lt;\/a&gt;\" aria-errormessage=\"wpforms-889-field_15_1-error\" required ><label class=\"wpforms-field-label-inline\" for=\"wpforms-889-field_15_1\">Acepto la <a href=\"https:\/\/goo.su\/6hkb0A\" target=\"_blank\">Pol\u00edtica de Privacidad <\/a><\/label><\/li><li class=\"choice-4 depth-1\"><input type=\"checkbox\" id=\"wpforms-889-field_15_4\" name=\"wpforms[fields][15][]\" value=\"Acepto los &lt;a href=&quot;https:\/\/desarrollarte.mx\/documentos\/TERMINOS_CONDICIONES.pdf&quot; target=&quot;_blank&quot;&gt;T\u00e9rminos y Condiciones&lt;\/a&gt;\" aria-errormessage=\"wpforms-889-field_15_4-error\" required ><label class=\"wpforms-field-label-inline\" for=\"wpforms-889-field_15_4\">Acepto los <a href=\"https:\/\/desarrollarte.mx\/documentos\/TERMINOS_CONDICIONES.pdf\" target=\"_blank\">T\u00e9rminos y Condiciones<\/a><\/label><\/li><\/ul><\/fieldset><\/div><div id=\"wpforms-889-field_16-container\" class=\"wpforms-field wpforms-field-checkbox\" data-field-id=\"16\"><fieldset><legend class=\"wpforms-field-label wpforms-label-hide\" aria-hidden=\"false\">Acepto recibir publicidad<\/legend><ul id=\"wpforms-889-field_16\"><li class=\"choice-1 depth-1\"><input type=\"checkbox\" id=\"wpforms-889-field_16_1\" name=\"wpforms[fields][16][]\" value=\"Acepto Recibir Publicidad\" aria-errormessage=\"wpforms-889-field_16_1-error\"  ><label class=\"wpforms-field-label-inline\" for=\"wpforms-889-field_16_1\">Acepto Recibir Publicidad<\/label><\/li><\/ul><\/fieldset><\/div><script>\n\t\t\t\t( function() {\n\t\t\t\t\tconst style = document.createElement( 'style' );\n\t\t\t\t\tstyle.appendChild( document.createTextNode( '#wpforms-889-field_1-container { position: absolute !important; overflow: hidden !important; display: inline !important; height: 1px !important; width: 1px !important; z-index: -1000 !important; padding: 0 !important; } #wpforms-889-field_1-container input { visibility: hidden; } #wpforms-conversational-form-page #wpforms-889-field_1-container label { counter-increment: none; }' ) );\n\t\t\t\t\tdocument.head.appendChild( style );\n\t\t\t\t\tdocument.currentScript?.remove();\n\t\t\t\t} )();\n\t\t\t<\/script><\/div><!-- .wpforms-field-container --><div class=\"wpforms-submit-container\" ><input type=\"hidden\" name=\"wpforms[id]\" value=\"889\"><input type=\"hidden\" name=\"page_title\" value=\"\"><input type=\"hidden\" name=\"page_url\" value=\"https:\/\/desarrollarte.mx\/inicio\/wp-json\/wp\/v2\/pages\/63\"><input type=\"hidden\" name=\"url_referer\" value=\"\"><button type=\"submit\" name=\"wpforms[submit]\" id=\"wpforms-submit-889\" class=\"wpforms-submit\" data-alt-text=\"Enviando...\" data-submit-text=\"Enviar\" aria-live=\"assertive\" value=\"wpforms-submit\">Enviar<\/button><img loading=\"lazy\" decoding=\"async\" src=\"https:\/\/desarrollarte.mx\/inicio\/wp-content\/plugins\/wpforms-lite\/assets\/images\/submit-spin.svg\" class=\"wpforms-submit-spinner\" style=\"display: none;\" width=\"26\" height=\"26\" alt=\"Cargando\"><\/div><\/form><\/div>  <!-- .wpforms-container -->\n\n\n<p>Lorem Ipsum has been the industry&#8217;s standard dummy text ever since the 1500s.<\/p>\n\n\n\n\n\n\n\n\n\n\n<h2>Lo Que Dicen Nuestros Clientes<\/h2>\n\n\n\n<p><span>\u00abGracias a Desarrollarte por el apoyo incondicional que me brindaron en los momentos m\u00e1s dif\u00edciles de mi vida. Hoy me encuentro m\u00e1s estable y tranquila, y he podido emprender mi propio negocio. \u00ab<\/span><\/p>\n\n<p [object NamedNodeMap]><span>\u00abDesarrollarte me ayud\u00f3 con mi pr\u00e9stamo personal para surtir mi negocio de abarrotes. Llevo a\u00f1os trabajando con ellos y siempre he quedado muy satisfecha con el apoyo recibido. Altamente recomendable. \u00ab<\/span><\/p>\n\n\n<p [object NamedNodeMap]><span>\u00abEs una financiera confiable y responsable; gracias a su apoyo he logrado impulsar y hacer crecer mi negocio.\u00bb<\/span><\/p>\n\n<p><span>\u00abHe trabajado con la financiera Desarrollarte desde sus inicios y la recomiendo como la mejor opci\u00f3n para impulsar un emprendimiento.\u00bb&nbsp;<\/span><\/p>\n\n<p [object NamedNodeMap]><span>\u00abEl trato que he recibido por parte de Desarrollarte ha sido siempre amable y confiable. Gracias a su apoyo pude seguir adelante como emprendedora y hacer crecer mi negocio.\u00bb<\/span><\/p>\n\n\n<p [object NamedNodeMap]><span>\u00abAgradezco la confianza y el apoyo que Desarrollarte ha depositado en m\u00ed. Gracias a ello he podido seguir emprendiendo en mi negocio. \u00ab<\/span><\/p>\n\n\n\n\n","protected":false},"excerpt":{"rendered":"","protected":false},"author":1,"featured_media":0,"parent":0,"menu_order":1,"comment_status":"closed","ping_status":"closed","template":"","meta":{"pagelayer_contact_templates":[],"_pagelayer_content":"","footnotes":""},"class_list":["post-63","page","type-page","status-publish","hentry"],"_links":{"self":[{"href":"https:\/\/desarrollarte.mx\/inicio\/wp-json\/wp\/v2\/pages\/63","targetHints":{"allow":["GET"]}}],"collection":[{"href":"https:\/\/desarrollarte.mx\/inicio\/wp-json\/wp\/v2\/pages"}],"about":[{"href":"https:\/\/desarrollarte.mx\/inicio\/wp-json\/wp\/v2\/types\/page"}],"author":[{"embeddable":true,"href":"https:\/\/desarrollarte.mx\/inicio\/wp-json\/wp\/v2\/users\/1"}],"replies":[{"embeddable":true,"href":"https:\/\/desarrollarte.mx\/inicio\/wp-json\/wp\/v2\/comments?post=63"}],"version-history":[{"count":118,"href":"https:\/\/desarrollarte.mx\/inicio\/wp-json\/wp\/v2\/pages\/63\/revisions"}],"predecessor-version":[{"id":1170,"href":"https:\/\/desarrollarte.mx\/inicio\/wp-json\/wp\/v2\/pages\/63\/revisions\/1170"}],"wp:attachment":[{"href":"https:\/\/desarrollarte.mx\/inicio\/wp-json\/wp\/v2\/media?parent=63"}],"curies":[{"name":"wp","href":"https:\/\/api.w.org\/{rel}","templated":true}]}}